{"id":40,"date":"2012-02-03T20:05:05","date_gmt":"2012-02-03T20:05:05","guid":{"rendered":"http:\/\/sites.ipleiria.pt\/tripela\/?page_id=40"},"modified":"2012-05-01T21:21:26","modified_gmt":"2012-05-01T21:21:26","slug":"contactos","status":"publish","type":"page","link":"https:\/\/tripela.ipleiria.pt\/?page_id=40","title":{"rendered":"Publica\u00e7\u00f5es"},"content":{"rendered":"<p><strong><span style=\"color: #000000\">Livro:<\/span><\/strong><\/p>\n<p style=\"text-align: justify\" align=\"left\">Matos, R., Amaro, N., Morou\u00e7o, P. (2012). Tripela \u2013 uma nova modalidade desportiva. Leiria: IPL \u2013 Escola Superior de Educa\u00e7\u00e3o e Ci\u00eancias Sociais e Centro de Investiga\u00e7\u00e3o em Motricidade Humana.<\/p>\n<p style=\"text-align: justify\" align=\"left\"><strong>Atas de Congressos:<\/strong><\/p>\n<p>Matos, R., Amaro, N., Morou\u00e7o, P. (2009). Tripela: uma nova modalidade desportiva colectiva. In: SPEF \u2013 Livro de Actas do 8\u00ba CONGRESSO NACIONAL DE EDUCA\u00c7\u00c3O F\u00cdSICA. Lisboa. Matos, R. (2009). Tripela, a new team sport made in Portugal. In S. Gon\u00e7alves (ed.), Creativity and Innovation &#8211;\u00a0 Proceedings of IWE2009, 6ht International Week of ESEC , Coimbra, Book of Abstracts, pp. 409-411.<\/p>\n<p style=\"text-align: justify\" align=\"left\">Amaro, N., Matos, R., Fernandes, A., &amp; Morou\u00e7o, P. (2010) Estudo da combina\u00e7\u00e3o dos padr\u00f5es motores Correr e Largar e Pontapear sem ressalto, em crian\u00e7as de 6 e 9 anos de idade. In O. Vasconcelos, M. Botelho, R. Corredeira, J. Barreiros, e P. Rodrigues (eds.), Estudos em Desenvolvimento Motor da Crian\u00e7a III (pp 131-138). Porto: Faculdade de Desporto, Universidade do Porto.<\/p>\n<p style=\"text-align: justify\">Matos, R., Morou\u00e7o, P., Amaro, N., Cruz, A., Correia, C., Ascenso, R., &amp; Fernandes, A. (2010). Influ\u00eancia da idade e do est\u00e1dio de desenvolvimento do padr\u00e3o motor Pontapear na execu\u00e7\u00e3o do padr\u00e3o motor Largar e Pontapear sem ressalto. In O. Vasconcelos, M. Botelho, R. Corredeira, J. Barreiros, e P. Rodrigues (eds.), Estudos em Desenvolvimento Motor da Crian\u00e7a III (pp 121-130). Porto: Faculdade de Desporto, Universidade do Porto. Matos, R., Amaro, N., Morou\u00e7o, P. (2009). Tripela: uma nova modalidade desportiva colectiva. In: SPEF \u2013 Livro de Actas do 8\u00ba CONGRESSO NACIONAL DE EDUCA\u00c7\u00c3O F\u00cdSICA. Lisboa.<\/p>\n<p style=\"text-align: justify\">Amaro, N., Neves, L., Matos, R., Santos, T., &amp; Morou\u00e7o, P. (2011). Efeitos da variabilidade de pr\u00e1tica e da interfer\u00eancia contextual na aprendizagem da habilidade motora largar e pontapear sem ressalto, em precis\u00e3o. In: P. Morou\u00e7o, O. Vasconcelos, J. Barreiros, &amp; R. Matos (eds.), Estudos em Desenvolvimento Motor da Crian\u00e7a IV (pp 184-189). Leiria: Escola Superior de Educa\u00e7\u00e3o e Ci\u00eancias Sociais e Centro de Investiga\u00e7\u00e3o em Motricidade Humana.<\/p>\n<p>&nbsp;<\/p>\n","protected":false},"excerpt":{"rendered":"<p>Livro: Matos, R., Amaro, N., Morou\u00e7o, P. (2012). Tripela \u2013 uma nova modalidade desportiva. Leiria: IPL \u2013 Escola Superior de Educa\u00e7\u00e3o e Ci\u00eancias Sociais e Centro de Investiga\u00e7\u00e3o em Motricidade Humana. Atas de Congressos: Matos, R., Amaro, N., Morou\u00e7o, P. &hellip; <a href=\"https:\/\/tripela.ipleiria.pt\/?page_id=40\">Continuar a ler <span class=\"meta-nav\">&rarr;<\/span><\/a><\/p>\n","protected":false},"author":36,"featured_media":0,"parent":0,"menu_order":60,"comment_status":"closed","ping_status":"closed","template":"","meta":{"footnotes":""},"class_list":["post-40","page","type-page","status-publish","hentry"],"_links":{"self":[{"href":"https:\/\/tripela.ipleiria.pt\/index.php?rest_route=\/wp\/v2\/pages\/40","targetHints":{"allow":["GET"]}}],"collection":[{"href":"https:\/\/tripela.ipleiria.pt\/index.php?rest_route=\/wp\/v2\/pages"}],"about":[{"href":"https:\/\/tripela.ipleiria.pt\/index.php?rest_route=\/wp\/v2\/types\/page"}],"author":[{"embeddable":true,"href":"https:\/\/tripela.ipleiria.pt\/index.php?rest_route=\/wp\/v2\/users\/36"}],"replies":[{"embeddable":true,"href":"https:\/\/tripela.ipleiria.pt\/index.php?rest_route=%2Fwp%2Fv2%2Fcomments&post=40"}],"version-history":[{"count":16,"href":"https:\/\/tripela.ipleiria.pt\/index.php?rest_route=\/wp\/v2\/pages\/40\/revisions"}],"predecessor-version":[{"id":383,"href":"https:\/\/tripela.ipleiria.pt\/index.php?rest_route=\/wp\/v2\/pages\/40\/revisions\/383"}],"wp:attachment":[{"href":"https:\/\/tripela.ipleiria.pt\/index.php?rest_route=%2Fwp%2Fv2%2Fmedia&parent=40"}],"curies":[{"name":"wp","href":"https:\/\/api.w.org\/{rel}","templated":true}]}}